 3579. What is u(4)?
127
Let q(f) = 46*f - 47. Calculate q(2).
45
Let x(r) = r**3 - 57*r**2 + 115*r - 261. Give x(55).
14
Let f(t) = -2*t**2 - 101*t + 748. Give f(7).
-57
Let w(b) = -175*b**2 - 2625*b - 2. What is w(-15)?
-2
Let j(h) = -95*h - 3234. Determine j(-34).
-4
Let t(b) = b**3 - 29*b**2 + 16*b + 172. Give t(28).
-164
Let y(t) = 2*t**3 + 16*t**2 + 28*t - 15. What is y(-6)?
-39
Let o(n) = 69*n**3 - 2*n**2 + 69*n - 68. Determine o(1).
68
Let q(x) = -x**2 - 19*x + 243. Determine q(-33).
-219
Let i(p) = 134*p + 20883. What is i(-156)?
-21
Let w(t) = 1125*t + 9005. Give w(-8).
5
Let u(f) = -658*f + 5265. What is u(8)?
1
Let n(z) = z**2 - 57*z - 388. What is n(63)?
-10
Let p(i) = -1612*i + 4700. Determine p(3).
-136
Let q(i) = i**2 - 5646*i - 56557. Give q(-10).
3
Let f(m) = 1584*m - 4755. Determine f(3).
-3
Let f(l) = -14*l + 1129. What is f(80)?
9
Let w(b) = -5*b**3 - 3*b**2 - 4*b - 8. Calculate w(-2).
28
Let z(n) = 10*n - 110. Give z(6).
-50
Let f(r) = 1259*r + 6286. What is f(-5)?
-9
Let o(w) = 16*w**2 + 8*w - 11. What is o(3)?
157
Let s(q) = -2*q**3 + 5*q**2 - 12*q + 53. Calculate s(4).
-43
Let q(r) = -2*r**3 + 33*r**2 - 19*r + 117. Determine q(17).
-495
Let a(q) = 41*q - 312. Determine a(7).
-25
Let p(m) = -2*m**3 + 2*m**2 + 25*m - 50. Determine p(3).
-11
Let l(j) = 2*j**2 + 162*j - 3099. Determine l(-97).
5
Let m(g) = 108*g - 4952. Give m(46).
16
Let v(f) = 3*f**2 - 58*f + 291. Calculate v(7).
32
Let o(g) = -12*g**2 - 306*g - 146. What is o(-25)?
4
Let i(b) = -81*b + 1654. Give i(22).
-128
Let r(b) = b**2 + 8*b + 78. Give r(-11).
111
Let l(r) = 5*r**3 - 78*r**2 - 9*r - 341. Give l(16).
27
Let a(q) = 2*q**2 + 43*q + 314. Determine a(-10).
84
Let v(q) = -4*q**3 - 16*q + 43. Determine v(2).
-21
Let m(z) = -2*z - 259. What is m(-91)?
-77
Let c(v) = -33*v**3 - 2*v**2 - 9*v + 18. What is c(2)?
-272
Let v(d) = -722*d - 30318. Give v(-42).
6
Let f(b) = 13*b**3 + 144*b**2 + 15*b + 36. Determine f(-11).
-8
Let s(f) = -329*f + 2355. Determine s(7).
52
Let f(t) = -41*t**2 - t + 10. Give f(2).
-156
Let z(l) = -167*l - 457. Determine z(-3).
44
Let j(d) = -d**3 + 2*d**2 + 16*d - 102. Calculate j(6).
-150
Let f(q) = -2399*q + 4810. Determine f(2).
12
Let a(f) = 2996*f - 20961. Give a(7).
11
Let s(u) = u**2 + 140*u - 10742. Determine s(-195).
-17
Let m(p) = -16*p**2 + 172*p - 418. Calculate m(7).
2
Let t(q) = 7*q**2 - 141*q - 25. What is t(20)?
-45
Let j(i) = -2*i + 5. Give j(8).
-11
Let y(u) = -u**3 - 54*u**2 + 52*u - 169. Determine y(-55).
-4
Let b(g) = -g**2 + 1087*g - 12901. What is b(12)?
-1
Let a(x) = -346*x + 627. Determine a(2).
-65
Let p(x) = x**2 + 86*x + 1358. Give p(-26).
-202
Let d(i) = -68*i + 511. Calculate d(8).
-33
Let v(p) = 4*p**3 + 131*p**2 - 32*p + 88. What is v(-33)?
55
Let x(h) = -249*h - 5691. Determine x(-23).
36
Let j(l) = l**3 + 27*l**2 - 8*l + 502. Give j(-28).
-58
Let f(l) = 41*l**2 - 70*l - 212. What is f(-3)?
367
Let v(r) = -6*r - 125. Determine v(-21).
1
Let m(r) = -5*r**3 + r**2 - 24*r + 43. Calculate m(2).
-41
Let q(y) = -y**3 - 51*y**2 + 340*y - 147. Give q(-57).
-33
Let b(f) = -f**3 - 42*f**2 + 92*f + 88. Calculate b(-44).
-88
Let g(i) = -5*i**2 + 133*i + 178. Give g(28).
-18
Let a(v) = 763*v - 751. What is a(1)?
12
Let x(o) = 17*o**2 - 252*o - 57. What is x(15)?
-12
Let b(c) = -13*c**2 + 624*c - 13. Determine b(48).
-13
Let j(u) = -46*u - 90. Give j(-2).
2
Let z(y) = -3*y**2 + 13*y - 4. What is z(0)?
-4
Let u(i) = 5*i**2 - 14*i - 31. Calculate u(-5).
164
Let h(t) = -10*t**2 + 4*t + 4. Determine h(3).
-74
Let h(o) = o**3 - 6*o**2 + 14*o - 80. Determine h(6).
4
Let j(t) = -4*t - 106. What is j(15)?
-166
Let d(q) = -2*q**3 - 49*q**2 - 70*q - 20. Determine d(-23).
3
Let r(u) = 2*u**3 + 38*u**2 - 176*u - 7. Calculate r(4).
25
Let p(i) = 7*i + 433. Determine p(-53).
62
Let a(p) = 2*p**3 + 6*p**2 - 18*p - 23. Determine a(-7).
-289
Let h(g) = 12*g**2 - 14*g - 68. Give h(-4).
180
Let h(v) = v**2 - 631*v + 21433. Give h(36).
13
Let a(t) = 5*t**2 - 254*t + 3180. Calculate a(28).
-12
Let l(r) = -r + 104. Give l(47).
57
Let a(x) = -x**2 + 704*x - 1406. Calculate a(2).
-2
Let p(g) = 28*g + 265. Determine p(-10).
-15
Let q(n) = -n**3 + 9*n**2 + 2*n - 83. Calculate q(8).
-3
Let k(t) = t**2 - 70*t + 1094. Calculate k(29).
-95
Let y(c) = c**3 - 5*c**2 - 28*c + 128. Give y(6).
-4
Let n(y) = y**2 - 51*y - 7538. Give n(116).
2
Let k(h) = -5*h**3 - 52*h**2 - 10*h - 13. Calculate k(-10).
-113
Let f(w) = 3*w + 2. What is f(-18)?
-52
Let z(x) = 2*x**3 + 13*x**2 - 9*x - 17. Give z(-7).
-3
Let z(l) = 67*l - 51. Determine z(2).
83
Let l(t) = 5*t + 86. Determine l(-10).
36
Let l(q) = -q**3 - 270*q**2 - 266*q + 5. Determine l(-1).
2
Let l(s) = 14*s**3 - 54*s**2 - 15*s + 15. What is l(4)?
-13
Let j(r) = r**2 - 23*r - 207. Calculate j(30).
3
Let c(f) = f**3 + 24*f**2 - 80*f + 13. Give c(-27).
-14
Let a(p) = -p**3 - 59*p**2 + 20*p + 1185. Give a(-59).
5
Let u(l) = 497*l + 498. Determine u(-1).
1
Let g(q) = -2*q**3 + 4*q**2 + 7*q + 9. Calculate g(-2).
27
Let z(l) = -2*l - 174. Give z(15).
-204
Let g(h) = -h**2 - 19*h + 276. Determine g(14).
-186
Let p(l) = 5*l - 212. Calculate p(36).
-32
Let w(t) = 6*t**2 - 112*t - 147. Determine w(20).
13
Let z(h) = -h**3 + 32*h**2 - 53*h + 1696. Determine z(32).
0
Let t(f) = 173*f**3 - 8*f**2 - 9*f - 1. Calculate t(-1).
-173
Let d(z) = z**3 + 6*z**2 - 26*z - 18. Determine d(-10).
-158
Let h(s) = s**2 - 21*s + 79. Determine h(16).
-1
Let x(v) = -28597*v - 57205. Give x(-2).
-11
Let z(m) = -m**2 - 14*m + 57. Determine z(-17).
6
Let o(a) = -2*a**2 - 44*a - 193. What is o(-6)?
-1
Let i(x) = 2*x**2 - 59*x - 100. Determine i(31).
-7
Let t(l) = 24*l + 241. Calculate t(-8).
49
Let i(d) = 3*d**2 + 46*d - 1010. Give i(16).
494
Let w(b) = 28*b + 207. What is w(-7)?
11
Let h(l) = l**3 - 97*l**2 + 368*l - 5. Determine h(4).
-21
Let s(i) = -36*i + 1217. Give s(27).
245
Let s(v) = 139*v**2 + 2222*v - 14. What is s(-16)?
18
Let d(p) = -4*p**2 - 65*p + 1. What is d(-16)?
17
Let z(a) = a**3 + 10*a**2 + 29*a + 30. What is z(-12)?
-606
Let k(q) = -55*q + 1988. What is k(36)?
8
Let m(j) = 79*j + 1450. What is m(-15)?
265
Let y(v) = -2*v**3 - 20*v**2 + 35*v + 489. Determine y(-9).
12
Let f(c) = c**3 + 21*c**2 - 57*c + 23. Give f(2).
1
Let m(h) = 25*h - 295. Determine m(10).
-45
Let m(t) = 8*t + 553. Give m(-64).
41
Let m(y) = y**3 + 5*y**2 + y - 6. Give m(-4).
6
Let a(d) = -2*d**2 - 47*d - 3. Determine a(-14).
263
Let n(f) = f**3 - 12*f**2 - 146*f + 1551. Determine n(9).
-6
Let x(y) = 4*y**2 - 46*y - 400. Determine x(-7).
118
Let i(m) = 7*m**3 - 18*m**2 - m - 6. Determine i(3).
18
Let h(u) = u**3 - 14*u**2 + 61*u + 29. What is h(7)?
113
Let h(o) = -29*o + 622. Give h(21).
13
Let d(y) = -86*y**2 + 10*y + 1. Determine d(-1).
-95
Let s(r) = -r**3 + 3*r**2 + 6*r - 13. Give s(6).
-85
Let t(u) = 39*u - 596. Give t(15).
-11
Let p(u) = 576*u + 7597. Determine p(-13).
109
Let a(y) = -3*y**2 - 221*y - 363. Determine a(-72).
-3
Let a(y) = y**2 + 50*y + 49. Determine a(-49).
0
Let s(l) = -244*l + 182. Calculate s(1).
-62
Let x(z) = z**2 - 64*z - 274. Determine x(-4).
-2
Let a(k) = 2*k**2 - 86*k - 315. Calculate a(47).
61
Let i(x) = x**3 + 27*x**2 + 65*x + 43. What is i(-24)?
211
Let n(c) = -2*c**2 + 11*c - 16. Calculate n(-5).
-121
Let n(c) = 39*c - 378. What is n(9)?
-27
Let t(i) = 543*i + 1618. What is t(-3)?
-11
Let g(u) = -u**3 + 30*u**2 - 66*u - 412. Calculate g(27).
-7
Let s(w) = 23*w**2 - 141*w + 26. Determine s(5).
-104
Let u(p) = p - 39. Give u(8).
-31
Let j(o) = 72725*o - 581800. What is j(8)?
0
Let d(k) = -k**3 - 6*k**2 + 53*k + 55. What is d(-11)?
77
Let u(x) = x**2 + 59*x + 611. Determine u(-45).
-19
Let g(s) = -s**2 - 70*s + 2277. Give g(-94).
21
Let w(d) = 274*d - 2743. Calculate w(10).
-3
Let h(x) = -x**3 - 190*x**2 + 768*x + 19. Determine h(4).
-13
Let q(s) = -665*s - 11310. What is q(-17)?
-5
Let u(q) = 2*q**3 - 30*q**2 + 54*q. Determine u(13).
26
Let q(k) = k**3 + 11*k**2 - 107*k - 1163. What is q(-12)?
-23
Let g(q) = -31*q**2 + 651*q + 17. What is g(21)?
17
Let c(w) = 4*w**3 + 70*w**2 - 31*w + 52. Determine c(-18).
-38
Let k(g) = -795*g - 778. Give k(-1).
17
Let a(y) = 36*y**2 - 147*y + 7. Give a(4).
-5
Let q(v) = -2*v**2 + 127*v - 116. Give q(62).
70
Let p(r) = -181*r**2 - 742*r - 8. Determine p(-4).
64
Let o(c) = -2*c**